est common divisor of 11 and r.
11
Suppose -3*t - 4*y + 628 = 0, 24 = y + 17. What is the greatest common factor of t and 775?
25
Let t(m) = 10*m - 15. Let s be (-1 - (-2 + 8)) + 12. Let h be t(s). Calculate the greatest common divisor of h and 315.
35
Let q be 35/(-8) + 4 + (-70)/(-16). Let n be 4 - ((-20)/q + 5). Let t be (n*(-5 + -2))/(-3 + 1). What is the greatest common divisor of 35 and t?
7
Suppose -3*m + 139 = 4*i, -3*i + 0*i = -4*m + 152. Let g = 69 - m. Let u = g + -22. What is the greatest common divisor of 66 and u?
6
Suppose -27*b - 175 = 959. Let k be 63/b - (-21)/2. Calculate the highest common factor of 7 and k.
1
Suppose -4*r = -7 - 5. Suppose -2*t + 11 = r. Suppose v + 4*b - 32 = 0, -3*v = -7*b + t*b - 126. Calculate the greatest common factor of v and 8.
8
Let g = -646 - -663. Suppose y = -4*a + 8, -2*y + 3*a - 1 = -g. What is the greatest common factor of y and 22?
2
Let q(r) = 426*r - 3390. Let x be q(8). What is the highest common divisor of 51 and x?
3
Suppose -2*p + 34 = -5*s, 3*p = 4*s + 10 + 27. Suppose 196 = -3*a + p*a. Let i = a + -39. What is the greatest common divisor of 1 and i?
1
Let j(x) = -16*x**2 - 222*x + 29. Let m be j(-14). Calculate the highest common factor of 1217 and m.
1
Suppose 44*i + 38208 = 183*i - 34072. What is the highest common divisor of 7540 and i?
260
Let b be ((-2)/4 - (-901)/102)*(-81)/(-5). Calculate the greatest common divisor of b and 21195.
135
Let a = 14323 + -14310. Calculate the greatest common divisor of a and 16.
1
Suppose x = 3*v + 2774, 3*x - 24*v - 8259 = -22*v. Calculate the highest common factor of 369 and x.
41
Let o(d) = -12*d + 3. Let n be o(3). Let h = -28 - n. Suppose 52 = 14*c - 18. What is the greatest common divisor of c and h?
5
Let k(u) = 3*u + 13. Let n be k(10). Suppose -z = -7*y + 2139 + 5388, 1079 = y - 2*z. What is the greatest common factor of n and y?
43
Let z be ((-7)/42)/1*-24 - -72. Let u = 54 + -35. What is the highest common divisor of z and u?
19
Suppose 0 = 249*z - 255*z. Suppose 6 = -3*v, z = -6*j + 3*j - v + 46. Suppose -32 = -2*s - 0*s. What is the greatest common factor of j and s?
16
Let u be (7 - 15) + 2*6. Suppose 4*f - 368 = -u*f. Let o(q) = -22*q**3 + q**2 - q - 1. Let t be o(-1). What is the greatest common divisor of t and f?
23
Let s = 956 + -947. Let q = s - 3. Calculate the greatest common factor of 42 and q.
6
Suppose -2473 + 2441 = -4*b. Calculate the greatest common factor of b and 1000.
8
Suppose 26*l - 138 = 96. Let r = -52 - -313. What is the highest common factor of l and r?
9
Let t = 4 + -9. Let l be t + (22 - 0 - -8). What is the highest common divisor of l and 75?
25
Let u(x) be the first derivative of x**4/4 + 8*x**3/3 - 15*x**2/2 - 55*x + 3. Let c be u(-5). What is the greatest common factor of c and 5?
5
Let a(d) = 297*d - 292*d - 4*d**2 + 2 + 3. Let g be a(-2). Let l be 3*(-2 - -6 - 3) - g. What is the greatest common factor of l and 48?
24
Let v = 99 - 100. Let w(m) = -5*m - 1. Let s be w(v). Calculate the greatest common divisor of 4 and s.
4
Let o be 1/(-4) + (-177)/(-4). Suppose -39*x + o*x = -5. Let t be (-3 + 3 + x)*-22. Calculate the highest common factor of t and 33.
11
Suppose 120*v + 11808 = 63*v + 69*v. Calculate the highest common factor of v and 264.
24
Let y be -30*(6/10 + ((-2)/20 - 3)). Calculate the highest common divisor of 345 and y.
15
Suppose -4*l - 105 + 1000 = 3*k, 302 = k + 5*l. Suppose 185 = -0*v - 5*v. Let y = k + v. Calculate the highest common divisor of y and 65.
65
Suppose -4*u = -16, 35*u + 36 = 5*q + 34*u. What is the highest common divisor of 44 and q?
4
Let o(c) = -c**3 + 11*c**2 + 73*c - 341. Let k be o(14). Calculate the greatest common factor of 2914 and k.
31
Suppose 5*w + 3 + 7 = 0, -3362 = -5*g + w. Calculate the greatest common divisor of 1176 and g.
168
Let x be (((-1405368)/(-16))/3)/(4 - (-10)/(-4)). Calculate the highest common divisor of 131 and x.
131
Suppose -290*h + 200834 = -212*h - 108748. What is the greatest common factor of h and 81?
81
Suppose 0 = 4*b - 5*b - 4*b + 600. What is the greatest common factor of b and 510?
30
Suppose -4*y + 6*y + 2 = 0. Let w(u) = -44*u + 1. Let k be w(y). Let h be (330/(-99))/((-416)/(-72) - 6). What is the highest common divisor of h and k?
15
Let z = 22651 - 22501. What is the highest common divisor of 16125 and z?
75
Let x = 352 + -238. Suppose -5*b - 2*d - 5 = -147, -3*b + 5*d + 110 = 0. Suppose x + b = 2*r. Calculate the greatest common factor of 9 and r.
9
Suppose -6 = -2*g + 8. Let x(s) be the second derivative of -s**4/12 + s**3 + 13*s**2/2 - 223*s. Let j be x(g). What is the highest common divisor of 24 and j?
6
Let c be ((-1)/3 - (-9)/21) + (-408104)/(-5838). Calculate the highest common divisor of c and 784.
14
Let y(u) = -u**3 - 30*u**2 + 2*u + 73. Let o be y(-30). Suppose 24 = o*h - 197. Calculate the highest common factor of h and 119.
17
Suppose 10004 = 4*m - 3*k, -m - 690*k + 2501 = -692*k. What is the highest common factor of m and 61?
61
Let s = 4514 - -16754. What is the highest common divisor of 52 and s?
52
Let y(s) = 33*s - 1029. Let o be y(37). What is the highest common divisor of 21 and o?
3
Let n(i) = 12*i + 5. Let g be n(6). Let u = -4203 - -4217. What is the highest common divisor of u and g?
7
Let w be (-7231)/(-42) + ((-2)/4 - (-16)/48). What is the greatest common factor of 1978 and w?
86
Suppose -2*g - 21 = -3*g. Suppose -w + 1 = 3*j + 3, 4*w = -4*j + 16. Suppose -w*x - 5*a = -2*x - 80, 2 = a. Calculate the highest common divisor of x and g.
7
Let o(u) = 5*u**2 + 23*u + 61. Let d(t) = -20*t + 17. Let w be d(1). Let v be o(w). Calculate the highest common divisor of v and 111.
37
Suppose -3*z = 2*z - 55. Suppose z*o = o + 1250. Let k = o + -50. What is the greatest common factor of k and 15?
15
Suppose -3*b - 15 + 44 = 4*d, -3*d = 2*b - 18. Calculate the highest common factor of b and 795.
15
Let h(g) = g**3 + 2*g**2 + g + 13. Let t be h(-3). Suppose -2*w + 5*j + t = -11, -4*j + 8 = 0. What is the highest common factor of 517 and w?
11
Suppose -97 = -59*x + 2735. What is the greatest common factor of x and 3072?
48
Let x = 64 + -57. Let n = x + -4. Suppose m = 4*v - 26, 3*v - 4*v = -5*m + n. Calculate the greatest common divisor of 7 and v.
7
Let h be (-380)/(-12)*(5 + -2 + 0). Calculate the highest common factor of 495 and h.
5
Let p = -3239 + 4769. What is the highest common divisor of 2210 and p?
170
Suppose -20*k - 16647 - 3131 = -78*k. What is the greatest common factor of k and 1457?
31
Suppose 4*s + 3*h - 1564 = 0, -5*h = -4*h. Suppose -29*q + 495 + 288 = 116. Calculate the greatest common divisor of s and q.
23
Let y be 10*(3/(-6) - -3) - 4. Let r(x) = 15*x - 163. Let a be r(y). Calculate the highest common divisor of a and 95.
19
Let b be (2 - 4) + 4 - 3/(-3). Suppose 3*h - b*k = -5*k + 18, -h + 19 = 5*k. Suppose 35 = h*u + 3*u. What is the highest common divisor of u and 20?
5
Let b(a) = 18*a**3 - 3*a**2 + a + 2. Let z be b(2). Let d be 13*824/52 + -36. Calculate the greatest common factor of d and z.
34
Let l(f) = -f**3 - 26*f**2 - 23*f + 68. Let x be l(-25). What is the greatest common factor of 1362 and x?
6
Suppose -395*v + 479682 + 3269723 = -958600. What is the highest common factor of 348 and v?
87
Let k be 26*(0 + -15 + 9 - (-36762)/12). Calculate the highest common factor of 65 and k.
65
Suppose 74 - 64 = -2*l. Let g be -15*(987/l)/7. Calculate the greatest common factor of 47 and g.
47
Let i(x) = -2*x**2 - 11*x + 51. Let c be i(3). Suppose -5*p + 2*z + 576 = c, -3*p = -4*z + 22 - 362. What is the greatest common divisor of 58 and p?
58
Suppose -277*r + 77078 = 7274. Calculate the highest common factor of 16296 and r.
84
Suppose 0 = g + 3*k - 58, -g - 5 = k - 55. Let d = 9847 + -9433. What is the highest common factor of d and g?
46
Suppose -67*d + 56*d + 286 = 0. Calculate the highest common divisor of 158 and d.
2
Suppose 21*v = -0*v + 16*v + 150. Calculate the greatest common factor of 6010 and v.
10
Suppose 25 = -2*m + 151. Let x(r) = 11*r**2 + 4*r - 3. Let t be x(1). Let h(q) = 3*q - 29. Let u be h(t). Calculate the greatest common divisor of m and u.
7
Let a(d) = -d**3 + 22*d**2 - 15*d + 130. Let q be a(17). What is the greatest common divisor of q and 3?
3
Let r(n) = -n**3 - 11*n